{"id":100,"date":"2025-05-11T14:38:34","date_gmt":"2025-05-11T12:38:34","guid":{"rendered":"https:\/\/charlieaudio.fr\/?page_id=100"},"modified":"2026-02-25T11:51:23","modified_gmt":"2026-02-25T10:51:23","slug":"atelier-dinitiation-au-montage-et-mixage-audio","status":"publish","type":"page","link":"https:\/\/charlieaudio.fr\/index.php\/atelier-dinitiation-au-montage-et-mixage-audio\/","title":{"rendered":"ATELIER D&#8217;INITIATION AU MONTAGE ET MIXAGE AUDIO"},"content":{"rendered":"\n<p>Il s&#8217;agit d&#8217;un atelier de 3h en groupe ou de 2h en individuel durant lequel nous travaillons les bases du montage et du mixage audio.<\/p>\n\n\n\n<p>Le programme est ax\u00e9 sur : le logiciel de montage, appr\u00e9hender les techniques de montage multi-pistes et de mixage, prendre en main les outils avec des exercices pratiques et l&#8217;introduction au bruitage et \u00e0 la voix.<\/p>\n\n\n\n<p>Le programme est le suivant :<\/p>\n\n\n\n<ul class=\"wp-block-list\">\n<li>Th\u00e9orie sur le son : le montage et le mixage qu&#8217;est-ce que c&#8217;est ?<\/li>\n\n\n\n<li>Conna\u00eetre les bases des logiciels de montage Audacity et Reaper : comment \u00e7a fonctionne, les interfaces, les raccourcis, les possibilit\u00e9s<\/li>\n\n\n\n<li>Appr\u00e9hender les techniques de montage multi-pistes<\/li>\n\n\n\n<li>Prise en main avec des exercices de montage et de mixage<\/li>\n\n\n\n<li>Introduction \u00e0 l&#8217;int\u00e9gration de bruitages et \u00e0 l&#8217;enregistrement de la voix<\/li>\n\n\n\n<li>Temps d&#8217;\u00e9coute des projets<\/li>\n<\/ul>\n\n\n\n<p>Cet atelier est accessible :<br>\u2013 en pr\u00e9sentiel sur Marseille &amp; environs (et partout ailleurs moyennant un d\u00e9fraiement)<br>\u2013 en visio<\/p>\n\n\n\n<p><strong><em><span style=\"text-decoration: underline;\">Tarif individuel<br><\/span><\/em><\/strong>&#8211;&gt; 2h = 120\u20ac \/ 160\u20ac \/ 200\u20ac<br><br><strong><em><span style=\"text-decoration: underline;\">Tarif groupe<br><\/span><\/em><\/strong>&#8211;&gt; 3h = 60\u20ac \/ 80\u20ac \/ 100\u20ac (par personne)<\/p>\n\n\n\n<p><\/p>\n","protected":false},"excerpt":{"rendered":"<p>Il s&#8217;agit d&#8217;un atelier de 3h en groupe ou de 2h en individuel durant lequel nous travaillons les bases du montage et du mixage audio. Le programme est ax\u00e9 sur : le logiciel de montage, appr\u00e9hender les techniques de montage multi-pistes et de mixage, prendre en main les outils avec des exercices pratiques et l&#8217;introduction &hellip; <\/p>\n<p class=\"link-more\"><a href=\"https:\/\/charlieaudio.fr\/index.php\/atelier-dinitiation-au-montage-et-mixage-audio\/\" class=\"more-link\">Read more<span class=\"screen-reader-text\"> &#8220;ATELIER D&#8217;INITIATION AU MONTAGE ET MIXAGE AUDIO&#8221;<\/span><\/a><\/p>\n","protected":false},"author":1,"featured_media":101,"parent":0,"menu_order":0,"comment_status":"closed","ping_status":"open","template":"","meta":{"footnotes":""},"class_list":["post-100","page","type-page","status-publish","has-post-thumbnail","hentry"],"featured_media_urls":{"thumbnail":["https:\/\/charlieaudio.fr\/wp-content\/uploads\/2025\/05\/IMG_3761-scaled-e1746967808386-150x150.jpeg",150,150,true],"medium":["https:\/\/charlieaudio.fr\/wp-content\/uploads\/2025\/05\/IMG_3761-scaled-e1746967808386-300x80.jpeg",300,80,true],"medium_large":["https:\/\/charlieaudio.fr\/wp-content\/uploads\/2025\/05\/IMG_3761-scaled-e1746967808386-768x205.jpeg",768,205,true],"large":["https:\/\/charlieaudio.fr\/wp-content\/uploads\/2025\/05\/IMG_3761-scaled-e1746967808386-1024x273.jpeg",950,253,true],"1536x1536":["https:\/\/charlieaudio.fr\/wp-content\/uploads\/2025\/05\/IMG_3761-scaled-e1746967808386-1536x410.jpeg",1536,410,true],"2048x2048":["https:\/\/charlieaudio.fr\/wp-content\/uploads\/2025\/05\/IMG_3761-scaled-1536x2048.jpeg",1536,2048,true],"inspiro-featured-image":["https:\/\/charlieaudio.fr\/wp-content\/uploads\/2025\/05\/IMG_3761-2000x2667.jpeg",2000,2667,true],"inspiro-loop":["https:\/\/charlieaudio.fr\/wp-content\/uploads\/2025\/05\/IMG_3761-scaled-e1746967808386-950x320.jpeg",950,320,true],"inspiro-loop@2x":["https:\/\/charlieaudio.fr\/wp-content\/uploads\/2025\/05\/IMG_3761-scaled-e1746967808386-1900x512.jpeg",1900,512,true],"mailpoet_newsletter_max":["https:\/\/charlieaudio.fr\/wp-content\/uploads\/2025\/05\/IMG_3761-scaled-e1746967808386-1320x352.jpeg",1320,352,true],"portfolio_item-thumbnail":["https:\/\/charlieaudio.fr\/wp-content\/uploads\/2025\/05\/IMG_3761-scaled-e1746967808386-600x400.jpeg",600,400,true],"portfolio_item-thumbnail@2x":["https:\/\/charlieaudio.fr\/wp-content\/uploads\/2025\/05\/IMG_3761-scaled-e1746967808386-1200x512.jpeg",1200,512,true],"portfolio_item-masonry":["https:\/\/charlieaudio.fr\/wp-content\/uploads\/2025\/05\/IMG_3761-scaled-e1746967808386-600x160.jpeg",600,160,true],"portfolio_item-masonry@2x":["https:\/\/charlieaudio.fr\/wp-content\/uploads\/2025\/05\/IMG_3761-scaled-e1746967808386-1200x320.jpeg",1200,320,true],"portfolio_item-thumbnail_cinema":["https:\/\/charlieaudio.fr\/wp-content\/uploads\/2025\/05\/IMG_3761-scaled-e1746967808386-800x335.jpeg",800,335,true],"portfolio_item-thumbnail_portrait":["https:\/\/charlieaudio.fr\/wp-content\/uploads\/2025\/05\/IMG_3761-scaled-e1746967808386-600x512.jpeg",600,512,true],"portfolio_item-thumbnail_portrait@2x":["https:\/\/charlieaudio.fr\/wp-content\/uploads\/2025\/05\/IMG_3761-scaled-e1746967808386-1200x512.jpeg",1200,512,true],"portfolio_item-thumbnail_square":["https:\/\/charlieaudio.fr\/wp-content\/uploads\/2025\/05\/IMG_3761-scaled-e1746967808386-800x512.jpeg",800,512,true]},"_links":{"self":[{"href":"https:\/\/charlieaudio.fr\/index.php\/wp-json\/wp\/v2\/pages\/100","targetHints":{"allow":["GET"]}}],"collection":[{"href":"https:\/\/charlieaudio.fr\/index.php\/wp-json\/wp\/v2\/pages"}],"about":[{"href":"https:\/\/charlieaudio.fr\/index.php\/wp-json\/wp\/v2\/types\/page"}],"author":[{"embeddable":true,"href":"https:\/\/charlieaudio.fr\/index.php\/wp-json\/wp\/v2\/users\/1"}],"replies":[{"embeddable":true,"href":"https:\/\/charlieaudio.fr\/index.php\/wp-json\/wp\/v2\/comments?post=100"}],"version-history":[{"count":10,"href":"https:\/\/charlieaudio.fr\/index.php\/wp-json\/wp\/v2\/pages\/100\/revisions"}],"predecessor-version":[{"id":323,"href":"https:\/\/charlieaudio.fr\/index.php\/wp-json\/wp\/v2\/pages\/100\/revisions\/323"}],"wp:featuredmedia":[{"embeddable":true,"href":"https:\/\/charlieaudio.fr\/index.php\/wp-json\/wp\/v2\/media\/101"}],"wp:attachment":[{"href":"https:\/\/charlieaudio.fr\/index.php\/wp-json\/wp\/v2\/media?parent=100"}],"curies":[{"name":"wp","href":"https:\/\/api.w.org\/{rel}","templated":true}]}}