{"id":272,"date":"2025-08-03T15:06:47","date_gmt":"2025-08-03T13:06:47","guid":{"rendered":"https:\/\/charlieaudio.fr\/?page_id=272"},"modified":"2025-08-03T15:06:47","modified_gmt":"2025-08-03T13:06:47","slug":"proches","status":"publish","type":"page","link":"https:\/\/charlieaudio.fr\/index.php\/proches\/","title":{"rendered":"PROCHES"},"content":{"rendered":"\n<figure class=\"wp-block-pullquote\"><blockquote><p>PR\u00c9SENTATION<\/p><\/blockquote><\/figure>\n\n\n\n<p><strong>Historique<\/strong><\/p>\n\n\n\n<p>Je suis entour\u00e9 de personnes trans dont les proches ne sont pas bienveillants, voire exercent de la violence envers elleux.<br>Je suis une personne trans et j&#8217;ai la chance d&#8217;avoir quelques personnes cis pr\u00e9cieuses autour de moi, qui se sont inform\u00e9es, qui aujourd&#8217;hui se font le <strong>relai de paroles importantes \u00e0 partager : informer, \u00e9duquer, d\u00e9bunker la m\u00e9connaissance qui peut mener \u00e0 de la violence.<\/strong><\/p>\n\n\n\n<p>C&#8217;est cette observation qui m&#8217;a d\u00e9cid\u00e9 \u00e0 r\u00e9aliser ce projet.<\/p>\n\n\n\n<p><strong>Mission, vision et valeurs<\/strong><\/p>\n\n\n\n<p>Dans un climat de plus en plus d\u00e9l\u00e9t\u00e8re politiquement pour les minorit\u00e9s, je pense ce documentaire comme <strong>un outil<\/strong>.<br>Comme ma part pour faire circuler des paroles qui ne sont pas relay\u00e9es dans les m\u00e9dias, les journaux.<\/p>\n\n\n\n<p>Entendre <strong>des paroles d&#8217;\u00e9coute, des paroles de soin, des paroles de patience, des paroles d&#8217;apprentissage, des paroles d&#8217;amour. Des paroles de remise en question de soi, de ce que l&#8217;on pense savoir, conna\u00eetre.<\/strong><\/p>\n\n\n\n<p>Proposer un autre discours que celui de la m\u00e9connaissance, des pr\u00e9jug\u00e9s, de la violence des m\u00e9dias, des discours fascisants.<\/p>\n\n\n\n<p><strong>Objectif<\/strong><\/p>\n\n\n\n<p>J\u2019envisage que ce documentaire soit <strong>produit, distribu\u00e9 et diffus\u00e9<\/strong>. Il ne sera pas auto- produit. Je suis actuellement en d\u00e9marches pour candidater \u00e0 des programmes de financement, des bourses, des accompagnement \u00e0 la production.<\/p>\n","protected":false},"excerpt":{"rendered":"<p>PR\u00c9SENTATION Historique Je suis entour\u00e9 de personnes trans dont les proches ne sont pas bienveillants, voire exercent de la violence envers elleux.Je suis une personne trans et j&#8217;ai la chance d&#8217;avoir quelques personnes cis pr\u00e9cieuses autour de moi, qui se sont inform\u00e9es, qui aujourd&#8217;hui se font le relai de paroles importantes \u00e0 partager : informer, &hellip; <\/p>\n<p class=\"link-more\"><a href=\"https:\/\/charlieaudio.fr\/index.php\/proches\/\" class=\"more-link\">Read more<span class=\"screen-reader-text\"> &#8220;PROCHES&#8221;<\/span><\/a><\/p>\n","protected":false},"author":1,"featured_media":62,"parent":0,"menu_order":0,"comment_status":"closed","ping_status":"open","template":"","meta":{"footnotes":""},"class_list":["post-272","page","type-page","status-publish","has-post-thumbnail","hentry"],"featured_media_urls":{"thumbnail":["https:\/\/charlieaudio.fr\/wp-content\/uploads\/2025\/05\/microphone-2198570_1280-150x150.jpg",150,150,true],"medium":["https:\/\/charlieaudio.fr\/wp-content\/uploads\/2025\/05\/microphone-2198570_1280-300x199.jpg",300,199,true],"medium_large":["https:\/\/charlieaudio.fr\/wp-content\/uploads\/2025\/05\/microphone-2198570_1280.jpg",768,509,false],"large":["https:\/\/charlieaudio.fr\/wp-content\/uploads\/2025\/05\/microphone-2198570_1280-1024x678.jpg",950,629,true],"1536x1536":["https:\/\/charlieaudio.fr\/wp-content\/uploads\/2025\/05\/microphone-2198570_1280.jpg",1280,848,false],"2048x2048":["https:\/\/charlieaudio.fr\/wp-content\/uploads\/2025\/05\/microphone-2198570_1280.jpg",1280,848,false],"inspiro-featured-image":["https:\/\/charlieaudio.fr\/wp-content\/uploads\/2025\/05\/microphone-2198570_1280.jpg",1280,848,false],"inspiro-loop":["https:\/\/charlieaudio.fr\/wp-content\/uploads\/2025\/05\/microphone-2198570_1280-950x320.jpg",950,320,true],"inspiro-loop@2x":["https:\/\/charlieaudio.fr\/wp-content\/uploads\/2025\/05\/microphone-2198570_1280-1280x640.jpg",1280,640,true],"mailpoet_newsletter_max":["https:\/\/charlieaudio.fr\/wp-content\/uploads\/2025\/05\/microphone-2198570_1280.jpg",1280,848,false],"portfolio_item-thumbnail":["https:\/\/charlieaudio.fr\/wp-content\/uploads\/2025\/05\/microphone-2198570_1280-600x400.jpg",600,400,true],"portfolio_item-thumbnail@2x":["https:\/\/charlieaudio.fr\/wp-content\/uploads\/2025\/05\/microphone-2198570_1280-1200x800.jpg",1200,800,true],"portfolio_item-masonry":["https:\/\/charlieaudio.fr\/wp-content\/uploads\/2025\/05\/microphone-2198570_1280-600x398.jpg",600,398,true],"portfolio_item-masonry@2x":["https:\/\/charlieaudio.fr\/wp-content\/uploads\/2025\/05\/microphone-2198570_1280-1200x795.jpg",1200,795,true],"portfolio_item-thumbnail_cinema":["https:\/\/charlieaudio.fr\/wp-content\/uploads\/2025\/05\/microphone-2198570_1280-800x335.jpg",800,335,true],"portfolio_item-thumbnail_portrait":["https:\/\/charlieaudio.fr\/wp-content\/uploads\/2025\/05\/microphone-2198570_1280-600x848.jpg",600,848,true],"portfolio_item-thumbnail_portrait@2x":["https:\/\/charlieaudio.fr\/wp-content\/uploads\/2025\/05\/microphone-2198570_1280-1200x848.jpg",1200,848,true],"portfolio_item-thumbnail_square":["https:\/\/charlieaudio.fr\/wp-content\/uploads\/2025\/05\/microphone-2198570_1280-800x800.jpg",800,800,true]},"_links":{"self":[{"href":"https:\/\/charlieaudio.fr\/index.php\/wp-json\/wp\/v2\/pages\/272","targetHints":{"allow":["GET"]}}],"collection":[{"href":"https:\/\/charlieaudio.fr\/index.php\/wp-json\/wp\/v2\/pages"}],"about":[{"href":"https:\/\/charlieaudio.fr\/index.php\/wp-json\/wp\/v2\/types\/page"}],"author":[{"embeddable":true,"href":"https:\/\/charlieaudio.fr\/index.php\/wp-json\/wp\/v2\/users\/1"}],"replies":[{"embeddable":true,"href":"https:\/\/charlieaudio.fr\/index.php\/wp-json\/wp\/v2\/comments?post=272"}],"version-history":[{"count":1,"href":"https:\/\/charlieaudio.fr\/index.php\/wp-json\/wp\/v2\/pages\/272\/revisions"}],"predecessor-version":[{"id":273,"href":"https:\/\/charlieaudio.fr\/index.php\/wp-json\/wp\/v2\/pages\/272\/revisions\/273"}],"wp:featuredmedia":[{"embeddable":true,"href":"https:\/\/charlieaudio.fr\/index.php\/wp-json\/wp\/v2\/media\/62"}],"wp:attachment":[{"href":"https:\/\/charlieaudio.fr\/index.php\/wp-json\/wp\/v2\/media?parent=272"}],"curies":[{"name":"wp","href":"https:\/\/api.w.org\/{rel}","templated":true}]}}